{"id":48078,"date":"2026-09-01T09:48:23","date_gmt":"2026-09-01T07:48:23","guid":{"rendered":"https:\/\/www.ekonomiforetag.se\/?post_type=guest&#038;p=48078"},"modified":"2026-09-01T09:48:24","modified_gmt":"2026-09-01T07:48:24","slug":"maja-stahl","status":"publish","type":"guest","link":"https:\/\/www.ekonomiforetag.se\/sv\/speaker\/maja-stahl\/","title":{"rendered":"Maja St\u00e5hl"},"content":{"rendered":"\n<p>Maja St\u00e5hl\u00a0\u00e4r account manager och produktspecialist p\u00e5 FAR. Med god kunskap om FAR:s tj\u00e4nster och branschens behov hj\u00e4lper hon ekonomer, redovisnings- och l\u00f6nekonsulter att hitta r\u00e4tt st\u00f6d i vardagen. P\u00e5 Ekonomi &amp; F\u00f6retag visar Maja hur kvalitetss\u00e4krad kunskap kan bidra till st\u00f6rre trygghet, effektivitet och b\u00e4ttre beslutsunderlag i det dagliga arbetet.<\/p>\n","protected":false},"excerpt":{"rendered":"<p>Account manager &#038; produktspecialist p\u00e5 FAR<\/p>\n","protected":false},"featured_media":48049,"template":"","meta":{"_seopress_titles_title":"%%post_title%% %%sep%% Ekonomi & F\u00f6retag","_seopress_titles_desc":"%%post_excerpt%%","_seopress_robots_index":"","_seopress_robots_follow":"","_seopress_robots_imageindex":"","_seopress_robots_snippet":"","_seopress_robots_primary_cat":"","_seopress_robots_breadcrumbs":"","_seopress_robots_freeze_modified_date":"","_seopress_robots_custom_modified_date":"","_seopress_robots_canonical":"","_seopress_social_fb_title":"","_seopress_social_fb_desc":"","_seopress_social_fb_img":"","_seopress_social_fb_img_attachment_id":0,"_seopress_social_fb_img_width":0,"_seopress_social_fb_img_height":0,"_seopress_social_twitter_title":"","_seopress_social_twitter_desc":"","_seopress_social_twitter_img":"","_seopress_social_twitter_img_attachment_id":0,"_seopress_social_twitter_img_width":0,"_seopress_social_twitter_img_height":0,"_seopress_redirections_value":"","_seopress_redirections_enabled":"","_seopress_redirections_enabled_regex":"","_seopress_redirections_logged_status":"","_seopress_redirections_param":"","_seopress_redirections_type":0,"_seopress_analysis_target_kw":"","_seopress_news_disabled":"","_seopress_video_disabled":"","_seopress_video":[],"_seopress_pro_schemas_manual":[],"_seopress_pro_rich_snippets_disable_all":"","_seopress_pro_rich_snippets_disable":[],"_seopress_pro_schemas":[],"_company_name":"","_job_title":"","_visit_me":"","_email":"","_linkedin":"","_twitter":"","_facebook":"","_instagram":"","_youtube":"","_imdb":"","footnotes":""},"edition":[648],"guest_type":[647,609],"work":[645],"class_list":["post-48078","guest","type-guest","status-publish","has-post-thumbnail","hentry","edition-ekonomi-foretag-2026","guest_type-23-september","guest_type-24-september","work-fardagsrummet"],"_cover_image":null,"_links":{"self":[{"href":"https:\/\/www.ekonomiforetag.se\/sv\/wp-json\/wp\/v2\/guest\/48078","targetHints":{"allow":["GET"]}}],"collection":[{"href":"https:\/\/www.ekonomiforetag.se\/sv\/wp-json\/wp\/v2\/guest"}],"about":[{"href":"https:\/\/www.ekonomiforetag.se\/sv\/wp-json\/wp\/v2\/types\/guest"}],"version-history":[{"count":2,"href":"https:\/\/www.ekonomiforetag.se\/sv\/wp-json\/wp\/v2\/guest\/48078\/revisions"}],"predecessor-version":[{"id":48080,"href":"https:\/\/www.ekonomiforetag.se\/sv\/wp-json\/wp\/v2\/guest\/48078\/revisions\/48080"}],"wp:featuredmedia":[{"embeddable":true,"href":"https:\/\/www.ekonomiforetag.se\/sv\/wp-json\/wp\/v2\/media\/48049"}],"wp:attachment":[{"href":"https:\/\/www.ekonomiforetag.se\/sv\/wp-json\/wp\/v2\/media?parent=48078"}],"wp:term":[{"taxonomy":"edition","embeddable":true,"href":"https:\/\/www.ekonomiforetag.se\/sv\/wp-json\/wp\/v2\/edition?post=48078"},{"taxonomy":"guest_type","embeddable":true,"href":"https:\/\/www.ekonomiforetag.se\/sv\/wp-json\/wp\/v2\/guest_type?post=48078"},{"taxonomy":"work","embeddable":true,"href":"https:\/\/www.ekonomiforetag.se\/sv\/wp-json\/wp\/v2\/work?post=48078"}],"curies":[{"name":"wp","href":"https:\/\/api.w.org\/{rel}","templated":true}]}}

Maja Ståhl

<p>Maja Ståhl är account manager och produktspecialist på FAR. Med god kunskap om FAR:s tjänster och branschens behov hjälper hon ekonomer, redovisnings- och lönekonsulter att hitta rätt stöd i vardagen. På Ekonomi &amp; Företag visar Maja hur kvalitetssäkrad kunskap kan bidra till större trygghet, effektivitet och bättre beslutsunderlag i det dagliga arbetet.</p>

<p>Account manager &#038; produktspecialist på FAR</p>

%%post_title%% %%sep%% Ekonomi & Företag
