{"id":48048,"date":"2026-09-01T09:17:35","date_gmt":"2026-09-01T07:17:35","guid":{"rendered":"https:\/\/www.ekonomiforetag.se\/?post_type=guest&#038;p=48048"},"modified":"2026-09-01T09:48:39","modified_gmt":"2026-09-01T07:48:39","slug":"dan-hafstrom","status":"publish","type":"guest","link":"https:\/\/www.ekonomiforetag.se\/sv\/speaker\/dan-hafstrom\/","title":{"rendered":"Dan H\u00e5fstr\u00f6m"},"content":{"rendered":"\n<p>Dan H\u00e5fstr\u00f6m\u00a0\u00e4r chefredakt\u00f6r f\u00f6r Balans, tidningen som bevakar ekonomibranschens viktigaste fr\u00e5gor, trender och f\u00f6r\u00e4ndringar. Under Ekonomi &amp; F\u00f6retag leder han Balans Live i FARdagsrummet, en talkshow d\u00e4r branschens mest aktuella \u00e4mnen diskuteras med g\u00e4ster fr\u00e5n hela ekonomisverige.<br><\/p>\n","protected":false},"excerpt":{"rendered":"<p>Chefredakt\u00f6r p\u00e5 Balans<\/p>\n","protected":false},"featured_media":48067,"template":"","meta":{"_seopress_titles_title":"%%post_title%% %%sep%% Ekonomi & F\u00f6retag","_seopress_titles_desc":"%%post_excerpt%%","_seopress_robots_index":"","_seopress_robots_follow":"","_seopress_robots_imageindex":"","_seopress_robots_snippet":"","_seopress_robots_primary_cat":"","_seopress_robots_breadcrumbs":"","_seopress_robots_freeze_modified_date":"","_seopress_robots_custom_modified_date":"","_seopress_robots_canonical":"","_seopress_social_fb_title":"","_seopress_social_fb_desc":"","_seopress_social_fb_img":"","_seopress_social_fb_img_attachment_id":0,"_seopress_social_fb_img_width":0,"_seopress_social_fb_img_height":0,"_seopress_social_twitter_title":"","_seopress_social_twitter_desc":"","_seopress_social_twitter_img":"","_seopress_social_twitter_img_attachment_id":0,"_seopress_social_twitter_img_width":0,"_seopress_social_twitter_img_height":0,"_seopress_redirections_value":"","_seopress_redirections_enabled":"","_seopress_redirections_enabled_regex":"","_seopress_redirections_logged_status":"","_seopress_redirections_param":"","_seopress_redirections_type":0,"_seopress_analysis_target_kw":"","_seopress_news_disabled":"","_seopress_video_disabled":"","_seopress_video":[],"_seopress_pro_schemas_manual":[],"_seopress_pro_rich_snippets_disable_all":"","_seopress_pro_rich_snippets_disable":[],"_seopress_pro_schemas":[],"_company_name":"","_job_title":"","_visit_me":"","_email":"","_linkedin":"","_twitter":"","_facebook":"","_instagram":"","_youtube":"","_imdb":"","footnotes":""},"edition":[648],"guest_type":[647,609],"work":[645],"class_list":["post-48048","guest","type-guest","status-publish","has-post-thumbnail","hentry","edition-ekonomi-foretag-2026","guest_type-23-september","guest_type-24-september","work-fardagsrummet"],"_cover_image":null,"_links":{"self":[{"href":"https:\/\/www.ekonomiforetag.se\/sv\/wp-json\/wp\/v2\/guest\/48048","targetHints":{"allow":["GET"]}}],"collection":[{"href":"https:\/\/www.ekonomiforetag.se\/sv\/wp-json\/wp\/v2\/guest"}],"about":[{"href":"https:\/\/www.ekonomiforetag.se\/sv\/wp-json\/wp\/v2\/types\/guest"}],"version-history":[{"count":2,"href":"https:\/\/www.ekonomiforetag.se\/sv\/wp-json\/wp\/v2\/guest\/48048\/revisions"}],"predecessor-version":[{"id":48074,"href":"https:\/\/www.ekonomiforetag.se\/sv\/wp-json\/wp\/v2\/guest\/48048\/revisions\/48074"}],"wp:featuredmedia":[{"embeddable":true,"href":"https:\/\/www.ekonomiforetag.se\/sv\/wp-json\/wp\/v2\/media\/48067"}],"wp:attachment":[{"href":"https:\/\/www.ekonomiforetag.se\/sv\/wp-json\/wp\/v2\/media?parent=48048"}],"wp:term":[{"taxonomy":"edition","embeddable":true,"href":"https:\/\/www.ekonomiforetag.se\/sv\/wp-json\/wp\/v2\/edition?post=48048"},{"taxonomy":"guest_type","embeddable":true,"href":"https:\/\/www.ekonomiforetag.se\/sv\/wp-json\/wp\/v2\/guest_type?post=48048"},{"taxonomy":"work","embeddable":true,"href":"https:\/\/www.ekonomiforetag.se\/sv\/wp-json\/wp\/v2\/work?post=48048"}],"curies":[{"name":"wp","href":"https:\/\/api.w.org\/{rel}","templated":true}]}}

Dan Håfström

<p>Dan Håfström är chefredaktör för Balans, tidningen som bevakar ekonomibranschens viktigaste frågor, trender och förändringar. Under Ekonomi &amp; Företag leder han Balans Live i FARdagsrummet, en talkshow där branschens mest aktuella ämnen diskuteras med gäster från hela ekonomisverige.<br></p>

<p>Chefredaktör på Balans</p>

%%post_title%% %%sep%% Ekonomi & Företag
